{"id":400,"date":"2018-04-26T14:04:31","date_gmt":"2018-04-26T12:04:31","guid":{"rendered":"http:\/\/paktum.gandastudio.com\/?page_id=400"},"modified":"2020-09-30T13:07:50","modified_gmt":"2020-09-30T11:07:50","slug":"rolunk","status":"publish","type":"page","link":"http:\/\/paktum.sopron.hu\/index.php\/rolunk\/","title":{"rendered":"Mi az a paktum?"},"content":{"rendered":"<p>[vc_row][vc_column width=&#8221;2\/6&#8243; el_class=&#8221;floating-box-wrapper&#8221;][vc_row_inner][vc_column_inner el_class=&#8221;floating-box&#8221;]<a id=\"theme-button-6a08fc0fd9dc0\" href=\"#program\" class=\"wh-button about-jump-btn\">A program l\u00e9trej\u00f6tte, c\u00e9lja<\/a><a id=\"theme-button-6a08fc0fd9de3\" href=\"#konzorcium\" class=\"wh-button about-jump-btn\">Konzorcium bemutat\u00e1sa<\/a><a id=\"theme-button-6a08fc0fd9df9\" href=\"#tagok\" class=\"wh-button about-jump-btn\">Tagok, ir\u00e1ny\u00edt\u00f3 csoport<\/a><a id=\"theme-button-6a08fc0fd9e0c\" href=\"#forum\" class=\"wh-button about-jump-btn\">Foglalkoztat\u00e1si f\u00f3rum<\/a><a id=\"theme-button-6a08fc0fd9e1f\" href=\"#csatlakozas\" class=\"wh-button about-jump-btn\">Csatlakoz\u00e1s a szervezethez<\/a><a id=\"theme-button-6a08fc0fd9e31\" href=\"#dokumentumok\" class=\"wh-button about-jump-btn\">Let\u00f6lthet\u0151 dokumentumok<\/a>[\/vc_column_inner][\/vc_row_inner][\/vc_column][vc_column width=&#8221;4\/6&#8243;][vc_column_text el_id=&#8221;program&#8221;]<\/p>\n<h3>A program l\u00e9trej\u00f6tte, c\u00e9lja<\/h3>\n<p>A Soproni j\u00e1r\u00e1sban felt\u00e1rt munkaer\u0151piaci probl\u00e9m\u00e1k \u00e9s fejleszt\u00e9si sz\u00fcks\u00e9gletek<br \/>\nmegold\u00e1sa \u00e9rdek\u00e9ben Sopron Megyei Jog\u00fa V\u00e1ros \u00d6nkorm\u00e1nyzata h\u00e1rom<br \/>\nkonzorciumi partnerrel k\u00f6z\u00f6sen val\u00f3s\u00edtja meg a \u201eHelyi foglalkoztat\u00e1si<br \/>\negy\u00fcttm\u0171k\u00f6d\u00e9sek a Sopron Megyei Jog\u00fa V\u00e1ros ter\u00fclet\u00e9n \u00e9s v\u00e1rost\u00e9rs\u00e9g\u00e9ben\u201d c\u00edm\u0171<br \/>\nprojektet.<\/p>\n<p>A projekt keret\u00e9ben l\u00e9trej\u00f6tt Soproni Foglalkoztat\u00e1si Paktum c\u00e9lja, az, hogy a<br \/>\nfoglalkoztat\u00e1s ter\u00fclet\u00e9n \u00e9rdekelt felek egys\u00e9ges strat\u00e9gia ment\u00e9n \u00f6sszehangolj\u00e1k a<br \/>\nfoglalkoztat\u00e1si \u00e9s hum\u00e1ner\u0151forr\u00e1s-fejleszt\u00e9si elk\u00e9pzel\u00e9seiket \u00e9s k\u00f6z\u00f6s megold\u00e1sokat<br \/>\nkeressenek a j\u00e1r\u00e1s munkaer\u0151piaci probl\u00e9m\u00e1ira.<\/p>\n<p>A Foglalkoztat\u00e1si Paktum szoros r\u00e9szek\u00e9nt, a Soproni V\u00e1rosfejleszt\u00e9si Kft. keretein<br \/>\nbel\u00fcl m\u0171k\u00f6dik a Paktumiroda, melynek egyik f\u0151 feladata a min\u00e9l sz\u00e9lesebb k\u00f6r\u0171<br \/>\npartners\u00e9g kialak\u00edt\u00e1sa \u00e9s a projekt tudatos\u00edt\u00e1sa a v\u00e1llalkoz\u00e1sok k\u00f6r\u00e9ben.<\/p>\n<p>Projekt:<br \/>\n\u201eHelyi foglakoztat\u00e1si egy\u00fcttm\u0171k\u00f6d\u00e9sek<br \/>\nSopron Megyei Jog\u00fa V\u00e1ros ter\u00fclet\u00e9n \u00e9s v\u00e1rost\u00e9rs\u00e9g\u00e9ben\u201d<\/p>\n<p>Projekt azonos\u00edt\u00f3: TOP-6.8.2-15-SP1-2016-00001<\/p>\n<p>L\u00e9trej\u00f6tt\u00e9nek d\u00e1tuma: 2016. november 28.[\/vc_column_text][vc_separator][vc_column_text]<\/p>\n<h3>A paktum c\u00e9ljai<\/h3>\n<p>A Paktum l\u00e9trehoz\u00e1s\u00e1nak fontos c\u00e9lja volt, hogy a foglalkoztat\u00e1s ter\u00fclet\u00e9n \u00e9rdekelt<br \/>\nfelek \u00f6sszehangolj\u00e1k a foglalkoztat\u00e1si \u00e9s hum\u00e1ner\u0151forr\u00e1s-fejleszt\u00e9si elk\u00e9pzel\u00e9seiket<br \/>\n\u00e9s k\u00f6z\u00f6s megold\u00e1sokat keressenek a j\u00e1r\u00e1s munkaer\u0151piaci probl\u00e9m\u00e1ira.<\/p>\n<p>A program \u00e1tfog\u00f3 c\u00e9lj\u00e1t k\u00e9pezi a j\u00e1r\u00e1s foglalkoztatotts\u00e1gi \u00e9s a versenyk\u00e9pess\u00e9gi<br \/>\nmutat\u00f3inak jav\u00edt\u00e1sa, els\u0151sorban a t\u00e9rs\u00e9g munkaer\u0151-megtart\u00f3 erej\u00e9nek n\u00f6vel\u00e9s\u00e9vel,<br \/>\nvalamint a helyben el\u00e9rhet\u0151 munkaer\u0151 \u00e9s munkalehet\u0151s\u00e9gek \u00f6sszehangolt<br \/>\nfejleszt\u00e9s\u00e9vel.<\/p>\n<p>A projektben piack\u00e9pes k\u00e9pz\u00e9sek \u00e9s szolg\u00e1ltat\u00e1sok vehet\u0151k ig\u00e9nybe a Soproni<br \/>\nJ\u00e1r\u00e1sban lakc\u00edmmel rendelkez\u0151 h\u00e1tr\u00e1nyos helyzet\u0171 \u00e1ll\u00e1skeres\u0151 c\u00e9lcsoportok sz\u00e1m\u00e1ra<br \/>\n\u2013 regisztr\u00e1lt \u00e1ll\u00e1skeres\u0151k\u00e9nt t\u00f6rt\u00e9n\u0151 bevon\u00e1suk ut\u00e1n.<\/p>\n<p>A szakmai ismeretek megszerz\u00e9se ut\u00e1n ezek a szem\u00e9lyek olyan munkahelyekre<br \/>\nk\u00f6zvet\u00edthet\u0151k ki, ahol tud\u00e1sukat a gyakorlatban is alkalmazni tudj\u00e1k \u00e9s<br \/>\nelhelyezked\u00e9s\u00fcket a projekt b\u00e9r- \u00e9s b\u00e9rk\u00f6lts\u00e9g-t\u00e1mogat\u00e1ssal seg\u00edtheti.<\/p>\n<p>A projekt c\u00e9lja koncentr\u00e1ltan tartalmazza a legfontosabb fejleszt\u00e9si szempontokat,<br \/>\n\u00f6sszhangban Sopron Megyei Jog\u00fa V\u00e1ros 2015-ben k\u00e9sz\u00fclt Gazdas\u00e1gfejleszt\u00e9si<br \/>\nStrat\u00e9gi\u00e1j\u00e1val.[\/vc_column_text][vc_separator][vc_column_text el_id=&#8221;konzorcium&#8221;]<\/p>\n<h3>Konzorcium bemutat\u00e1sa<\/h3>\n<p><strong>A projektet megval\u00f3s\u00edt\u00f3 konzorcium<\/strong><br \/>\nA Soproni Foglalkoztat\u00e1si Paktumot 4 konzorciumi tag, Sopron Megyei Jog\u00fa<br \/>\nV\u00e1ros \u00d6nkorm\u00e1nyzata, a Gy\u0151r-Moson-Sopron Megyei Korm\u00e1nyhivatal, a Soproni<br \/>\nV\u00e1rosfejleszt\u00e9si Kft. \u00e9s Sopron \u00e9s K\u00f6rny\u00e9ke Csal\u00e1d- \u00e9s Gyermekj\u00f3l\u00e9ti Ell\u00e1t\u00e1s Int\u00e9zete<br \/>\nalkotja.<\/p>\n<p>A <strong>Gy\u0151r-Moson-Sopron Megyei Korm\u00e1nyhivatal<\/strong> a h\u00e1tr\u00e1nyos helyzet\u0171 c\u00e9lcsoportok<br \/>\nt\u00e1mogat\u00e1s\u00e1t k\u00e9pz\u00e9sekkel, k\u00fcl\u00f6nb\u00f6z\u0151 munkaer\u0151piaci szolg\u00e1ltat\u00e1sokkal, a<br \/>\nmunk\u00e1ltat\u00f3kat pedig b\u00e9r- \u00e9s b\u00e9rk\u00f6lts\u00e9g-t\u00e1mogat\u00e1sokkal seg\u00edti.<\/p>\n<p>A Gy\u0151r-Moson-Sopron Megyei Korm\u00e1nyhivatal Soproni J\u00e1r\u00e1si Hivatal\u00e1nak<br \/>\nFoglalkoztat\u00e1si Oszt\u00e1lya \u00e1ltal nem l\u00e1that\u00f3 szem\u00e9lyeket a <strong>Sopron \u00e9s K\u00f6rny\u00e9ke<\/strong><br \/>\n<strong>Csal\u00e1d- \u00e9s Gyermekj\u00f3l\u00e9ti Ell\u00e1t\u00e1s Int\u00e9zete<\/strong> toborozza \u00e9s inform\u00e1ci\u00f3ny\u00fajt\u00e1ssal,<br \/>\ntan\u00e1csad\u00e1ssal, mentor\u00e1l\u00e1ssal t\u00e1mogatja az els\u0151dleges munkaer\u0151piacra t\u00f6rt\u00e9n\u0151<br \/>\nvisszavezet\u00e9s\u00fcket.<\/p>\n<p>A <strong>Soproni V\u00e1rosfejleszt\u00e9si Kft.<\/strong> projektmenedzsment feladatokat l\u00e1t el, tov\u00e1bb\u00e1 az<br \/>\n\u00e1ltala m\u0171k\u00f6dtetett Foglalkoztat\u00e1si Paktumiroda koordin\u00e1ci\u00f3s feladatokat v\u00e9gez.<\/p>\n<p>A tervezett tev\u00e9kenys\u00e9gek megval\u00f3s\u00edt\u00e1s\u00e1t <strong>Sopron Megyei Jog\u00fa V\u00e1ros<\/strong><br \/>\n<strong>\u00d6nkorm\u00e1nyzata<\/strong> biztos\u00edtja \u00fagy, hogy a helyi \u00e9s t\u00e9rs\u00e9gi t\u00e1rsadalmi-gazdas\u00e1gi<br \/>\nk\u00f6rnyezethez, a helyi gazdas\u00e1gfejleszt\u00e9si c\u00e9lokhoz \u00e9s priorit\u00e1sokhoz egyar\u00e1nt<br \/>\nilleszkedjen.[\/vc_column_text][vc_separator][vc_column_text el_id=&#8221;tagok&#8221;]<\/p>\n<h3>Tagok, Ir\u00e1ny\u00edt\u00f3 Csoport<\/h3>\n<p><strong>AZ IR\u00c1NY\u00cdT\u00d3 CSOPORT<\/strong><br \/>\nAz Ir\u00e1ny\u00edt\u00f3 Csoportban a szavazati joggal rendelkez\u0151 tagoknak lehet\u0151s\u00e9g\u00fck van<br \/>\nmegismerni a konzorciumi partnerek aktu\u00e1lis feladatait, a munkaprogram \u00e9s a<br \/>\nk\u00f6lts\u00e9gvet\u00e9s teljes\u00edt\u00e9s\u00e9t, a k\u00f6vetkez\u0151 id\u0151szak elk\u00e9pzel\u00e9seit, terveit, illetve elemezni a<br \/>\nfelmer\u00fcl\u0151 probl\u00e9m\u00e1k okait, javaslatot adni azok megold\u00e1s\u00e1ra.<\/p>\n<p>Az \u00fcl\u00e9sek sor\u00e1n j\u00f3v\u00e1hagy\u00e1sra ker\u00fclnek a Paktumiroda besz\u00e1mol\u00f3i, illetve \u00e9vente \u2013 a<br \/>\nfel\u00fclvizsg\u00e1lat ut\u00e1n \u2013 a Foglalkoztat\u00e1si Strat\u00e9gia \u00e9s az Akci\u00f3terv. Az Ir\u00e1ny\u00edt\u00f3 Csoport<br \/>\n\u00fcl\u00e9sei z\u00e1rtak, azon csak a szavazati joggal rendelkez\u0151 tagok vehetnek r\u00e9szt.<\/p>\n<p>Az Ir\u00e1ny\u00edt\u00f3 Csoport szavazati joggal rendelkez\u0151 tagjai:<\/p>\n<ul>\n<li>Sopron Megyei Jog\u00fa V\u00e1ros \u00d6nkorm\u00e1nyzata<\/li>\n<li>Gy\u0151r-Moson-Sopron Megyei Korm\u00e1nyhivatal<\/li>\n<li>Sopron \u00e9s K\u00f6rny\u00e9ke Csal\u00e1d- \u00e9s Gyermekj\u00f3l\u00e9ti Ell\u00e1t\u00e1s Int\u00e9zete<\/li>\n<li>Soproni V\u00e1rosfejleszt\u00e9si Kft.<\/li>\n<li>Soproni Kereskedelmi \u00e9s Iparkamara<\/li>\n<li>Sopron \u00e9s Vid\u00e9ke Ipartest\u00fclet<\/li>\n<li>Soproni Szakk\u00e9pz\u00e9si Centrum<\/li>\n<li>Hirschler \u00dcvegipari V\u00e1llalkoz\u00e1s<\/li>\n<\/ul>\n<p>[\/vc_column_text][vc_separator][vc_column_text el_id=&#8221;forum&#8221;]<\/p>\n<h3>A Foglalkoztat\u00e1si F\u00f3rum<\/h3>\n<p>A megfelel\u0151 szint\u0171 t\u00e1rsadalmi bevon\u00e1s, a demokratikus m\u0171k\u00f6d\u00e9s \u00e9s a sz\u00e9les k\u00f6r\u0171<br \/>\nhelyi nyilv\u00e1noss\u00e1g biztos\u00edt\u00e1sa \u00e9rdek\u00e9ben a paktumszervezet tagjai Foglalkoztat\u00e1si<br \/>\nF\u00f3rumot m\u0171k\u00f6dtetnek.<\/p>\n<p>A F\u00f3rumok lehet\u0151s\u00e9get biztos\u00edtanak az aktu\u00e1lis gazdas\u00e1gi t\u00e9m\u00e1kr\u00f3l, a t\u00e9rs\u00e9g<br \/>\nmunkaer\u0151-piaci helyzet\u00e9r\u0151l t\u00f6rt\u00e9n\u0151 t\u00e1j\u00e9koz\u00f3d\u00e1sra, a felmer\u00fcl\u0151 probl\u00e9m\u00e1k<br \/>\nmegold\u00e1s\u00e1ra, a v\u00e9lem\u00e9nynyilv\u00e1n\u00edt\u00e1sra, a szerepl\u0151k k\u00f6z\u00f6tti kezdem\u00e9nyez\u00e9sek \u00f6sszehangol\u00e1s\u00e1ra,\u00a0illetve a partners\u00e9g kialak\u00edt\u00e1s\u00e1ra. A r\u00e9sztvev\u0151k v\u00e9lem\u00e9ny\u00fckkel, javaslataikkal seg\u00edtik a\u00a0Foglalkoztat\u00e1si Strat\u00e9gia \u00e9s Akci\u00f3terv \u00e9ves fel\u00fclvizsg\u00e1lat\u00e1t.<\/p>\n<p>A legk\u00f6zelebbi F\u00f3rum id\u0151pontj\u00e1r\u00f3l t\u00e1j\u00e9koz\u00f3djon a \u201eH\u00edrek, esem\u00e9nyek\u201d men\u00fcpont<br \/>\nalatt.[\/vc_column_text][vc_separator][vc_column_text el_id=&#8221;csatlakozas&#8221;]<\/p>\n<h3>Csatlakoz\u00e1s a szervezethez<\/h3>\n<p>A Soproni Foglalkoztat\u00e1si Paktumot 4 konzorciumi tag, Sopron Megyei Jog\u00fa<br \/>\nV\u00e1ros \u00d6nkorm\u00e1nyzata, a Gy\u0151r-Moson-Sopron Megyei Korm\u00e1nyhivatal, a Soproni<br \/>\nV\u00e1rosfejleszt\u00e9si Kft., Sopron \u00e9s K\u00f6rny\u00e9ke Csal\u00e1d- \u00e9s Gyermekj\u00f3l\u00e9ti Ell\u00e1t\u00e1s Int\u00e9zete,<br \/>\nvalamint a Soproni j\u00e1r\u00e1s munkaer\u0151piaci probl\u00e9m\u00e1inak kezel\u00e9s\u00e9ben \u00e9rdekelt \u00e9s<br \/>\nezid\u00e1ig csatlakozott 20 helyi szerepl\u0151 alkotja.<\/p>\n<p>A Paktumszervezet nyitott, melyhez b\u00e1rmely potenci\u00e1lisan \u00e9rintett t\u00e9rs\u00e9gi szerepl\u0151<br \/>\ncsatlakozhat, amely megfelel a kiv\u00e1laszt\u00e1si krit\u00e9riumoknak, egyet\u00e9rt a c\u00e9lkit\u0171z\u00e9sekkel<br \/>\n\u00e9s akt\u00edvan r\u00e9szt k\u00edv\u00e1n venni azok megval\u00f3s\u00edt\u00e1s\u00e1ban.[\/vc_column_text][vc_row_inner][vc_column_inner][vc_column_text]<\/p>\n<h2>A csatlakoz\u00e1s m\u00f3dja:<\/h2>\n<p>A paktumszervezethez sz\u00e1nd\u00e9knyilatkozat kit\u00f6lt\u00e9s\u00e9vel lehet csatlakozni, mely a<br \/>\npaktumirod\u00e1n\u00e1l k\u00e9rhet\u0151, illetve a \u201eLet\u00f6lthet\u0151 dokumentumok\u201d men\u00fcpont alatt<br \/>\nlet\u00f6lthet\u0151.<\/p>\n<p>A sz\u00e1nd\u00e9knyilatkozat al\u00e1\u00edr\u00e1sa hivatalosan is meger\u0151s\u00edti az egy\u00fcttm\u0171k\u00f6d\u00e9si<br \/>\nsz\u00e1nd\u00e9kot, ugyanakkor k\u00f6telez\u0151 v\u00e1llal\u00e1st nem r\u00f3 a nyilatkoz\u00f3 szervezetre.<\/p>\n<p>Jelenleg egy\u00fcttm\u0171k\u00f6d\u00e9sben \u00e1ll\u00f3 partnerek:<\/p>\n<ul>\n<li>Sopron Megyei Jog\u00fa V\u00e1ros \u00d6nkorm\u00e1nyzata<\/li>\n<li>Gy\u0151r-Moson-Sopron Megyei Korm\u00e1nyhivatal<\/li>\n<li>Soproni V\u00e1rosfejleszt\u00e9si Kft.<\/li>\n<li>Sopron \u00e9s K\u00f6rny\u00e9ke Csal\u00e1d- \u00e9s Gyermekj\u00f3l\u00e9ti Ell\u00e1t\u00e1s Int\u00e9zete<\/li>\n<li>Gy\u0151r-Moson-Sopron Megyei \u00d6nkorm\u00e1nyzat<\/li>\n<li>Magyar Kereskedelmi \u00e9s Iparkamara<\/li>\n<li>Soproni Kereskedelmi \u00e9s Iparkamara<\/li>\n<li>Sopron \u00e9s Vid\u00e9ke Ipartest\u00fclet<\/li>\n<li>Nyugat-magyarorsz\u00e1gi Egyetem<\/li>\n<li>Soproni Szakk\u00e9pz\u00e9si Centrum<\/li>\n<li>Sopron R\u00e9gi\u00f3 Turisztikai K\u00f6zpont Nonprofit Kft.<\/li>\n<li>Pannon Fa- \u00e9s B\u00fatoripari Akkredit\u00e1lt Innov\u00e1ci\u00f3s Klaszter<\/li>\n<li>GYSEV Zrt.<\/li>\n<li>IKEA Industry Magyarorsz\u00e1g Kft.<\/li>\n<li>Heineken Hung\u00e1ria S\u00f6rgy\u00e1rak Zrt.<\/li>\n<li>Sopron Holding Zrt.<\/li>\n<li>Semperform Kft.<\/li>\n<\/ul>\n<p>[\/vc_column_text][vc_separator][vc_column_text el_id=&#8221;dokumentumok&#8221;]<\/p>\n<h3>Let\u00f6lthet\u0151 dokumentumok<\/h3>\n<p><a href=\"\/wp-content\/uploads\/2018\/06\/csatlakozasi_szandeknyilatkozat_vallalkozasoknak.pdf\" target=\"_blank\" rel=\"noopener\"><i class=\"fa fa-file-pdf-o fa-3x purple-icon\"><\/i> Csatlakoz\u00e1si sz\u00e1ndeknyilatkozat v\u00e1llalkoz\u00e1soknak<\/a><\/p>\n<p><a href=\"\/wp-content\/uploads\/2018\/06\/feleves_foglalkoztatasi_gyorsjelentes_2017II._negyedev.pdf\" target=\"_blank\" rel=\"noopener\"><i class=\"fa fa-file-pdf-o fa-3x purple-icon\"><\/i> F\u00e9l\u00e9ves foglalkoztat\u00e1si gyorsjelent\u00e9s 2017 II. f\u00e9l\u00e9v<\/a><\/p>\n<p><a href=\"\/wp-content\/uploads\/2018\/06\/foglalkoztatasi_akcioterv.pdf\" target=\"_blank\" rel=\"noopener\"><i class=\"fa fa-file-pdf-o fa-3x purple-icon\"><\/i> Foglalkoztat\u00e1si akci\u00f3terv 2017. december<\/a><\/p>\n<p><a href=\"\/wp-content\/uploads\/2018\/06\/kilepesi_nyilatkozat_vallalkozasoknak.pdf\" target=\"_blank\" rel=\"noopener\"><i class=\"fa fa-file-pdf-o fa-3x purple-icon\"><\/i> Kil\u00e9p\u00e9si nyilatkozat v\u00e1llalkoz\u00e1soknak<\/a><\/p>\n<p><a href=\"http:\/\/paktum.sopron.hu\/wp-content\/uploads\/2018\/12\/Sopron_Foglalkoztatasi_Strategia_180115_1250.pdf\">Foglalkoztat\u00e1si Strat\u00e9gia 2017. december<\/a><\/p>\n<p><a href=\"http:\/\/paktum.sopron.hu\/wp-content\/uploads\/2019\/01\/Sopron_paktum_gyorsjelent\u00e9s_2018I_f\u00e9l\u00e9v.pdf\">F\u00e9l\u00e9ves foglalkoztat\u00e1si gyorsjelent\u00e9s 2018 I. f\u00e9l\u00e9v<\/a><\/p>\n<p><a href=\"http:\/\/paktum.sopron.hu\/wp-content\/uploads\/2019\/01\/Sopron_Paktum_Gyorsjelentes_2018IIf\u00e9l\u00e9v.pdf\">F\u00e9l\u00e9ves foglalkoztat\u00e1si gyorsjelent\u00e9s 2018 II. f\u00e9l\u00e9v<\/a><\/p>\n<p><a href=\"http:\/\/paktum.sopron.hu\/wp-content\/uploads\/2018\/12\/Sopron_Foglalkoztatasi_Akcioterv_181212.pdf\">Foglalkoztat\u00e1si akci\u00f3terv 2018 december<\/a><\/p>\n<p><a href=\"http:\/\/paktum.sopron.hu\/wp-content\/uploads\/2018\/12\/Sopron_Foglalkoztatasi_Strategia_181212.pdf\">Foglalkoztat\u00e1si strat\u00e9gia 2018. december<\/a><\/p>\n<p><a href=\"http:\/\/paktum.sopron.hu\/wp-content\/uploads\/2019\/12\/sopron_paktum_IV_gyorsjelentes_2019jun.pdf\">F\u00e9l\u00e9ves foglalkoztat\u00e1si gyorsjelent\u00e9s 2019. I. f\u00e9l\u00e9v<\/a><\/p>\n<p><a href=\"http:\/\/paktum.sopron.hu\/wp-content\/uploads\/2019\/12\/Sopron_Paktum_Munkaeropiaci_elemzes_2019jun.pdf\">Munkaer\u0151piaci ig\u00e9nyek monitoroz\u00e1sa 2019. I. f\u00e9l\u00e9v<\/a><\/p>\n<p><a href=\"http:\/\/paktum.sopron.hu\/wp-content\/uploads\/2019\/12\/Sopron_Foglalkoztatasi_Akcioterv_191209.pdf\">Foglalkoztat\u00e1si akci\u00f3terv 2019. december<\/a><\/p>\n<p><a href=\"http:\/\/paktum.sopron.hu\/wp-content\/uploads\/2019\/12\/Soproni_Foglalkoztatasi_Strategia_191212.pdf\">Foglalkoztat\u00e1si Strat\u00e9gia 2019. december<\/a><\/p>\n<div><\/div>\n<div><a href=\"http:\/\/paktum.sopron.hu\/wp-content\/uploads\/2020\/09\/sopron_paktum_VI_gyorsjelentes_2020jun.pdf\">F\u00e9l\u00e9ves foglalkoztat\u00e1si gyorsjelent\u00e9s 2020. I. f\u00e9l\u00e9v<\/a><\/div>\n<div><\/div>\n<div><\/div>\n<div><a href=\"http:\/\/paktum.sopron.hu\/wp-content\/uploads\/2020\/09\/Sopron_Paktum_Munkaeropiaci_elemzes_2020jun.pdf\">Munkaer\u0151piaci ig\u00e9nyek monitoroz\u00e1sa 2020. I. f\u00e9l\u00e9v<\/a><\/div>\n<div><\/div>\n<div><\/div>\n<div><strong>Foglalkoztat\u00e1si F\u00f3rum \u00e9s a projekt z\u00e1r\u00f3rendezv\u00e9ny anyagai:<\/strong><\/div>\n<div><\/div>\n<div>\n<p>&nbsp;<\/p>\n<p><a href=\"http:\/\/paktum.sopron.hu\/wp-content\/uploads\/2020\/09\/TOP-t\u00e1j\u00e9koztat\u00f3.pptx\">T\u00e1j\u00e9koztat\u00f3 a projekt keret\u00e9ben el\u00e9rt eredm\u00e9nyekr\u0151l<\/a><\/p>\n<p>&nbsp;<\/p>\n<p><a href=\"http:\/\/paktum.sopron.hu\/wp-content\/uploads\/2020\/09\/foglalkoztatasi_forum_munkaeropiaci_monitoring_200928.pptx\">\u201eMunkaer\u0151piaci ig\u00e9nyek monitoroz\u00e1sa a Soproni j\u00e1r\u00e1sban m\u0171k\u00f6d\u0151 v\u00e1llalatok k\u00f6r\u00e9ben\u201d &#8211; Grants Europe Consulting Kft. szak\u00e9rt\u0151j\u00e9nek el\u0151ad\u00e1sa<\/a><\/p>\n<p>&nbsp;<\/p>\n<p><a href=\"http:\/\/paktum.sopron.hu\/wp-content\/uploads\/2020\/09\/Sopron_kutat\u00e1s_20200928_PREZ.pptx\">\u201eMunkav\u00e1llal\u00f3i attit\u0171d\u00f6k Sopronban\u201d \u2013 Kutat\u00f3pont Piac- \u00e9s V\u00e9lem\u00e9nykutat\u00f3 Kft. a projektben v\u00e9gzett kutat\u00e1sainak bemutat\u00e1sa<\/a><\/p>\n<\/div>\n<div><\/div>\n<div><\/div>\n<p>[\/vc_column_text][\/vc_column_inner][\/vc_row_inner][\/vc_column][\/vc_row]<\/p>\n","protected":false},"excerpt":{"rendered":"<p>[vc_row][vc_column width=&#8221;2\/6&#8243; el_class=&#8221;floating-box-wrapper&#8221;][vc_row_inner][vc_column_inner el_class=&#8221;floating-box&#8221;][\/vc_column_inner][\/vc_row_inner][\/vc_column][vc_column width=&#8221;4\/6&#8243;][vc_column_text el_id=&#8221;program&#8221;] A program l\u00e9trej\u00f6tte, c\u00e9lja&nbsp;<a href=\"http:\/\/paktum.sopron.hu\/index.php\/rolunk\/\">&hellip;<\/a><\/p>\n","protected":false},"author":1,"featured_media":0,"parent":0,"menu_order":0,"comment_status":"closed","ping_status":"closed","template":"template-fullwidth.php","meta":{"footnotes":""},"_links":{"self":[{"href":"http:\/\/paktum.sopron.hu\/index.php\/wp-json\/wp\/v2\/pages\/400"}],"collection":[{"href":"http:\/\/paktum.sopron.hu\/index.php\/wp-json\/wp\/v2\/pages"}],"about":[{"href":"http:\/\/paktum.sopron.hu\/index.php\/wp-json\/wp\/v2\/types\/page"}],"author":[{"embeddable":true,"href":"http:\/\/paktum.sopron.hu\/index.php\/wp-json\/wp\/v2\/users\/1"}],"replies":[{"embeddable":true,"href":"http:\/\/paktum.sopron.hu\/index.php\/wp-json\/wp\/v2\/comments?post=400"}],"version-history":[{"count":42,"href":"http:\/\/paktum.sopron.hu\/index.php\/wp-json\/wp\/v2\/pages\/400\/revisions"}],"predecessor-version":[{"id":1143,"href":"http:\/\/paktum.sopron.hu\/index.php\/wp-json\/wp\/v2\/pages\/400\/revisions\/1143"}],"wp:attachment":[{"href":"http:\/\/paktum.sopron.hu\/index.php\/wp-json\/wp\/v2\/media?parent=400"}],"curies":[{"name":"wp","href":"https:\/\/api.w.org\/{rel}","templated":true}]}}